{"id":63,"date":"2019-04-10T09:30:07","date_gmt":"2019-04-10T07:30:07","guid":{"rendered":"http:\/\/kocen-agro.hr\/cms\/?post_type=product&#038;p=63"},"modified":"2026-03-25T20:27:15","modified_gmt":"2026-03-25T19:27:15","slug":"zastitna-vrecica-tuljac-za-trsove","status":"publish","type":"product","link":"https:\/\/kocen-agro.hr\/cms\/trgovina\/zastitna-vrecica-tuljac-za-trsove\/","title":{"rendered":"Za\u0161titna vre\u0107ica\/tuljac za trsove"},"content":{"rendered":"","protected":false},"excerpt":{"rendered":"<p><strong>Za\u0161titna vre\u0107ica\/tuljac za trsove<\/strong><\/p>\n<p>Za\u0161titni tuljac ima rupice za prozra\u010divanje i kru\u017eenje zraka, sprje\u010dava ili smanjuje \u0161tete od mraza, divlja\u010di, jakog vjetra.<br \/>\nOmogu\u0107uje br\u017ei rast loze te manji broj prskanja mlade loze.<br \/>\nPostavlja se na kolac na kojem je vezan mladi trs.<\/p>\n<p><strong>Cijena je po komadu.<\/strong><\/p>\n","protected":false},"featured_media":64,"template":"","meta":[],"yoast_head":"<!-- This site is optimized with the Yoast SEO plugin v19.4 - https:\/\/yoast.com\/wordpress\/plugins\/seo\/ -->\n<title>Za\u0161titna vre\u0107ica\/tuljac za trsove - Kocen Agro d.o.o.<\/title>\n<meta name=\"robots\" content=\"index, follow, max-snippet:-1, max-image-preview:large, max-video-preview:-1\" \/>\n<link rel=\"canonical\" href=\"https:\/\/kocen-agro.hr\/cms\/trgovina\/zastitna-vrecica-tuljac-za-trsove\/\" \/>\n<meta property=\"og:locale\" content=\"hr_HR\" \/>\n<meta property=\"og:type\" content=\"article\" \/>\n<meta property=\"og:title\" content=\"Za\u0161titna vre\u0107ica\/tuljac za trsove - Kocen Agro d.o.o.\" \/>\n<meta property=\"og:description\" content=\"Za\u0161titna vre\u0107ica\/tuljac za trsove  Za\u0161titni tuljac ima rupice za prozra\u010divanje i kru\u017eenje zraka, sprje\u010dava ili smanjuje \u0161tete od mraza, divlja\u010di, jakog vjetra. Omogu\u0107uje br\u017ei rast loze te manji broj prskanja mlade loze. Postavlja se na kolac na kojem je vezan mladi trs.  Cijena je po komadu.\" \/>\n<meta property=\"og:url\" content=\"https:\/\/kocen-agro.hr\/cms\/trgovina\/zastitna-vrecica-tuljac-za-trsove\/\" \/>\n<meta property=\"og:site_name\" content=\"Kocen Agro d.o.o.\" \/>\n<meta property=\"article:modified_time\" content=\"2026-03-25T19:27:15+00:00\" \/>\n<meta property=\"og:image\" content=\"https:\/\/kocen-agro.hr\/cms\/wp-content\/uploads\/2019\/04\/Za\u0161titne-vre\u0107ice-za-trsove-15.jpg\" \/>\n\t<meta property=\"og:image:width\" content=\"604\" \/>\n\t<meta property=\"og:image:height\" content=\"480\" \/>\n\t<meta property=\"og:image:type\" content=\"image\/jpeg\" \/>\n<meta name=\"twitter:card\" content=\"summary_large_image\" \/>\n<script type=\"application\/ld+json\" class=\"yoast-schema-graph\">{\"@context\":\"https:\/\/schema.org\",\"@graph\":[{\"@type\":\"Organization\",\"@id\":\"https:\/\/kocen-agro.hr\/cms\/#organization\",\"name\":\"Kocen Agro d.o.o.\",\"url\":\"https:\/\/kocen-agro.hr\/cms\/\",\"sameAs\":[],\"logo\":{\"@type\":\"ImageObject\",\"inLanguage\":\"hr\",\"@id\":\"https:\/\/kocen-agro.hr\/cms\/#\/schema\/logo\/image\/\",\"url\":\"https:\/\/kocen-agro.hr\/cms\/wp-content\/uploads\/2019\/04\/logo_kocen_agro.png\",\"contentUrl\":\"https:\/\/kocen-agro.hr\/cms\/wp-content\/uploads\/2019\/04\/logo_kocen_agro.png\",\"width\":242,\"height\":79,\"caption\":\"Kocen Agro d.o.o.\"},\"image\":{\"@id\":\"https:\/\/kocen-agro.hr\/cms\/#\/schema\/logo\/image\/\"}},{\"@type\":\"WebSite\",\"@id\":\"https:\/\/kocen-agro.hr\/cms\/#website\",\"url\":\"https:\/\/kocen-agro.hr\/cms\/\",\"name\":\"Kocen Agro d.o.o.\",\"description\":\"\",\"publisher\":{\"@id\":\"https:\/\/kocen-agro.hr\/cms\/#organization\"},\"potentialAction\":[{\"@type\":\"SearchAction\",\"target\":{\"@type\":\"EntryPoint\",\"urlTemplate\":\"https:\/\/kocen-agro.hr\/cms\/?s={search_term_string}\"},\"query-input\":\"required name=search_term_string\"}],\"inLanguage\":\"hr\"},{\"@type\":\"WebPage\",\"@id\":\"https:\/\/kocen-agro.hr\/cms\/trgovina\/zastitna-vrecica-tuljac-za-trsove\/\",\"url\":\"https:\/\/kocen-agro.hr\/cms\/trgovina\/zastitna-vrecica-tuljac-za-trsove\/\",\"name\":\"Za\u0161titna vre\u0107ica\/tuljac za trsove - Kocen Agro d.o.o.\",\"isPartOf\":{\"@id\":\"https:\/\/kocen-agro.hr\/cms\/#website\"},\"datePublished\":\"2019-04-10T07:30:07+00:00\",\"dateModified\":\"2026-03-25T19:27:15+00:00\",\"breadcrumb\":{\"@id\":\"https:\/\/kocen-agro.hr\/cms\/trgovina\/zastitna-vrecica-tuljac-za-trsove\/#breadcrumb\"},\"inLanguage\":\"hr\",\"potentialAction\":[{\"@type\":\"ReadAction\",\"target\":[\"https:\/\/kocen-agro.hr\/cms\/trgovina\/zastitna-vrecica-tuljac-za-trsove\/\"]}]},{\"@type\":\"BreadcrumbList\",\"@id\":\"https:\/\/kocen-agro.hr\/cms\/trgovina\/zastitna-vrecica-tuljac-za-trsove\/#breadcrumb\",\"itemListElement\":[{\"@type\":\"ListItem\",\"position\":1,\"name\":\"Po\u010detna stranica\",\"item\":\"https:\/\/kocen-agro.hr\/cms\/\"},{\"@type\":\"ListItem\",\"position\":2,\"name\":\"Trgovina\",\"item\":\"https:\/\/kocen-agro.hr\/cms\/\"},{\"@type\":\"ListItem\",\"position\":3,\"name\":\"Za\u0161titna vre\u0107ica\/tuljac za trsove\"}]}]}<\/script>\n<!-- \/ Yoast SEO plugin. -->","yoast_head_json":{"title":"Za\u0161titna vre\u0107ica\/tuljac za trsove - Kocen Agro d.o.o.","robots":{"index":"index","follow":"follow","max-snippet":"max-snippet:-1","max-image-preview":"max-image-preview:large","max-video-preview":"max-video-preview:-1"},"canonical":"https:\/\/kocen-agro.hr\/cms\/trgovina\/zastitna-vrecica-tuljac-za-trsove\/","og_locale":"hr_HR","og_type":"article","og_title":"Za\u0161titna vre\u0107ica\/tuljac za trsove - Kocen Agro d.o.o.","og_description":"Za\u0161titna vre\u0107ica\/tuljac za trsove  Za\u0161titni tuljac ima rupice za prozra\u010divanje i kru\u017eenje zraka, sprje\u010dava ili smanjuje \u0161tete od mraza, divlja\u010di, jakog vjetra. Omogu\u0107uje br\u017ei rast loze te manji broj prskanja mlade loze. Postavlja se na kolac na kojem je vezan mladi trs.  Cijena je po komadu.","og_url":"https:\/\/kocen-agro.hr\/cms\/trgovina\/zastitna-vrecica-tuljac-za-trsove\/","og_site_name":"Kocen Agro d.o.o.","article_modified_time":"2026-03-25T19:27:15+00:00","og_image":[{"width":604,"height":480,"url":"https:\/\/kocen-agro.hr\/cms\/wp-content\/uploads\/2019\/04\/Za\u0161titne-vre\u0107ice-za-trsove-15.jpg","type":"image\/jpeg"}],"twitter_card":"summary_large_image","schema":{"@context":"https:\/\/schema.org","@graph":[{"@type":"Organization","@id":"https:\/\/kocen-agro.hr\/cms\/#organization","name":"Kocen Agro d.o.o.","url":"https:\/\/kocen-agro.hr\/cms\/","sameAs":[],"logo":{"@type":"ImageObject","inLanguage":"hr","@id":"https:\/\/kocen-agro.hr\/cms\/#\/schema\/logo\/image\/","url":"https:\/\/kocen-agro.hr\/cms\/wp-content\/uploads\/2019\/04\/logo_kocen_agro.png","contentUrl":"https:\/\/kocen-agro.hr\/cms\/wp-content\/uploads\/2019\/04\/logo_kocen_agro.png","width":242,"height":79,"caption":"Kocen Agro d.o.o."},"image":{"@id":"https:\/\/kocen-agro.hr\/cms\/#\/schema\/logo\/image\/"}},{"@type":"WebSite","@id":"https:\/\/kocen-agro.hr\/cms\/#website","url":"https:\/\/kocen-agro.hr\/cms\/","name":"Kocen Agro d.o.o.","description":"","publisher":{"@id":"https:\/\/kocen-agro.hr\/cms\/#organization"},"potentialAction":[{"@type":"SearchAction","target":{"@type":"EntryPoint","urlTemplate":"https:\/\/kocen-agro.hr\/cms\/?s={search_term_string}"},"query-input":"required name=search_term_string"}],"inLanguage":"hr"},{"@type":"WebPage","@id":"https:\/\/kocen-agro.hr\/cms\/trgovina\/zastitna-vrecica-tuljac-za-trsove\/","url":"https:\/\/kocen-agro.hr\/cms\/trgovina\/zastitna-vrecica-tuljac-za-trsove\/","name":"Za\u0161titna vre\u0107ica\/tuljac za trsove - Kocen Agro d.o.o.","isPartOf":{"@id":"https:\/\/kocen-agro.hr\/cms\/#website"},"datePublished":"2019-04-10T07:30:07+00:00","dateModified":"2026-03-25T19:27:15+00:00","breadcrumb":{"@id":"https:\/\/kocen-agro.hr\/cms\/trgovina\/zastitna-vrecica-tuljac-za-trsove\/#breadcrumb"},"inLanguage":"hr","potentialAction":[{"@type":"ReadAction","target":["https:\/\/kocen-agro.hr\/cms\/trgovina\/zastitna-vrecica-tuljac-za-trsove\/"]}]},{"@type":"BreadcrumbList","@id":"https:\/\/kocen-agro.hr\/cms\/trgovina\/zastitna-vrecica-tuljac-za-trsove\/#breadcrumb","itemListElement":[{"@type":"ListItem","position":1,"name":"Po\u010detna stranica","item":"https:\/\/kocen-agro.hr\/cms\/"},{"@type":"ListItem","position":2,"name":"Trgovina","item":"https:\/\/kocen-agro.hr\/cms\/"},{"@type":"ListItem","position":3,"name":"Za\u0161titna vre\u0107ica\/tuljac za trsove"}]}]}},"_links":{"self":[{"href":"https:\/\/kocen-agro.hr\/cms\/wp-json\/wp\/v2\/product\/63"}],"collection":[{"href":"https:\/\/kocen-agro.hr\/cms\/wp-json\/wp\/v2\/product"}],"about":[{"href":"https:\/\/kocen-agro.hr\/cms\/wp-json\/wp\/v2\/types\/product"}],"wp:featuredmedia":[{"embeddable":true,"href":"https:\/\/kocen-agro.hr\/cms\/wp-json\/wp\/v2\/media\/64"}],"wp:attachment":[{"href":"https:\/\/kocen-agro.hr\/cms\/wp-json\/wp\/v2\/media?parent=63"}],"curies":[{"name":"wp","href":"https:\/\/api.w.org\/{rel}","templated":true}]}}