{"id":1566,"date":"2025-03-06T21:43:23","date_gmt":"2025-03-06T20:43:23","guid":{"rendered":"https:\/\/kocen-agro.hr\/cms\/?post_type=product&#038;p=1566"},"modified":"2026-03-13T14:25:19","modified_gmt":"2026-03-13T13:25:19","slug":"vezivo-za-vezacicu-pellenc-fixion-2","status":"publish","type":"product","link":"https:\/\/kocen-agro.hr\/cms\/trgovina\/vezivo-za-vezacicu-pellenc-fixion-2\/","title":{"rendered":"Vezivo za veza\u010dicu Pellenc Fixion 2-600 vezova"},"content":{"rendered":"","protected":false},"excerpt":{"rendered":"<p>Plasti\u010dna pvc traka za veza\u010dicu Pellenc Fixion 2<br \/>\n60 m kolut \u2013 100% original Pellenc<br \/>\nRazgra\u0111uje se nakon 10-12 mjeseci kori\u0161tenja ovisno o vremenskim uvjetima, optere\u0107enju<br \/>\nPVC<br \/>\n\u017dica od 0,44 mm<br \/>\nRazgradnja: 10 mjeseci<br \/>\nBroj vezova: 400-420 C\/A<br \/>\nPakiranje 1 kolut (60 m trake)<\/p>\n","protected":false},"featured_media":1567,"template":"","meta":[],"yoast_head":"<!-- This site is optimized with the Yoast SEO plugin v19.4 - https:\/\/yoast.com\/wordpress\/plugins\/seo\/ -->\n<title>Vezivo za veza\u010dicu Pellenc Fixion 2-600 vezova - Kocen Agro d.o.o.<\/title>\n<meta name=\"robots\" content=\"index, follow, max-snippet:-1, max-image-preview:large, max-video-preview:-1\" \/>\n<link rel=\"canonical\" href=\"https:\/\/kocen-agro.hr\/cms\/trgovina\/vezivo-za-vezacicu-pellenc-fixion-2\/\" \/>\n<meta property=\"og:locale\" content=\"hr_HR\" \/>\n<meta property=\"og:type\" content=\"article\" \/>\n<meta property=\"og:title\" content=\"Vezivo za veza\u010dicu Pellenc Fixion 2-600 vezova - Kocen Agro d.o.o.\" \/>\n<meta property=\"og:description\" content=\"Plasti\u010dna pvc traka za veza\u010dicu Pellenc Fixion 2 60 m kolut \u2013 100% original Pellenc Razgra\u0111uje se nakon 10-12 mjeseci kori\u0161tenja ovisno o vremenskim uvjetima, optere\u0107enju PVC \u017dica od 0,44 mm Razgradnja: 10 mjeseci Broj vezova: 400-420 C\/A Pakiranje 1 kolut (60 m trake)\" \/>\n<meta property=\"og:url\" content=\"https:\/\/kocen-agro.hr\/cms\/trgovina\/vezivo-za-vezacicu-pellenc-fixion-2\/\" \/>\n<meta property=\"og:site_name\" content=\"Kocen Agro d.o.o.\" \/>\n<meta property=\"article:modified_time\" content=\"2026-03-13T13:25:19+00:00\" \/>\n<meta property=\"og:image\" content=\"https:\/\/kocen-agro.hr\/cms\/wp-content\/uploads\/2025\/03\/Vezivo-Pellemc.png\" \/>\n\t<meta property=\"og:image:width\" content=\"562\" \/>\n\t<meta property=\"og:image:height\" content=\"524\" \/>\n\t<meta property=\"og:image:type\" content=\"image\/png\" \/>\n<meta name=\"twitter:card\" content=\"summary_large_image\" \/>\n<script type=\"application\/ld+json\" class=\"yoast-schema-graph\">{\"@context\":\"https:\/\/schema.org\",\"@graph\":[{\"@type\":\"Organization\",\"@id\":\"https:\/\/kocen-agro.hr\/cms\/#organization\",\"name\":\"Kocen Agro d.o.o.\",\"url\":\"https:\/\/kocen-agro.hr\/cms\/\",\"sameAs\":[],\"logo\":{\"@type\":\"ImageObject\",\"inLanguage\":\"hr\",\"@id\":\"https:\/\/kocen-agro.hr\/cms\/#\/schema\/logo\/image\/\",\"url\":\"https:\/\/kocen-agro.hr\/cms\/wp-content\/uploads\/2019\/04\/logo_kocen_agro.png\",\"contentUrl\":\"https:\/\/kocen-agro.hr\/cms\/wp-content\/uploads\/2019\/04\/logo_kocen_agro.png\",\"width\":242,\"height\":79,\"caption\":\"Kocen Agro d.o.o.\"},\"image\":{\"@id\":\"https:\/\/kocen-agro.hr\/cms\/#\/schema\/logo\/image\/\"}},{\"@type\":\"WebSite\",\"@id\":\"https:\/\/kocen-agro.hr\/cms\/#website\",\"url\":\"https:\/\/kocen-agro.hr\/cms\/\",\"name\":\"Kocen Agro d.o.o.\",\"description\":\"\",\"publisher\":{\"@id\":\"https:\/\/kocen-agro.hr\/cms\/#organization\"},\"potentialAction\":[{\"@type\":\"SearchAction\",\"target\":{\"@type\":\"EntryPoint\",\"urlTemplate\":\"https:\/\/kocen-agro.hr\/cms\/?s={search_term_string}\"},\"query-input\":\"required name=search_term_string\"}],\"inLanguage\":\"hr\"},{\"@type\":\"WebPage\",\"@id\":\"https:\/\/kocen-agro.hr\/cms\/trgovina\/vezivo-za-vezacicu-pellenc-fixion-2\/\",\"url\":\"https:\/\/kocen-agro.hr\/cms\/trgovina\/vezivo-za-vezacicu-pellenc-fixion-2\/\",\"name\":\"Vezivo za veza\u010dicu Pellenc Fixion 2-600 vezova - Kocen Agro d.o.o.\",\"isPartOf\":{\"@id\":\"https:\/\/kocen-agro.hr\/cms\/#website\"},\"datePublished\":\"2025-03-06T20:43:23+00:00\",\"dateModified\":\"2026-03-13T13:25:19+00:00\",\"breadcrumb\":{\"@id\":\"https:\/\/kocen-agro.hr\/cms\/trgovina\/vezivo-za-vezacicu-pellenc-fixion-2\/#breadcrumb\"},\"inLanguage\":\"hr\",\"potentialAction\":[{\"@type\":\"ReadAction\",\"target\":[\"https:\/\/kocen-agro.hr\/cms\/trgovina\/vezivo-za-vezacicu-pellenc-fixion-2\/\"]}]},{\"@type\":\"BreadcrumbList\",\"@id\":\"https:\/\/kocen-agro.hr\/cms\/trgovina\/vezivo-za-vezacicu-pellenc-fixion-2\/#breadcrumb\",\"itemListElement\":[{\"@type\":\"ListItem\",\"position\":1,\"name\":\"Po\u010detna stranica\",\"item\":\"https:\/\/kocen-agro.hr\/cms\/\"},{\"@type\":\"ListItem\",\"position\":2,\"name\":\"Trgovina\",\"item\":\"https:\/\/kocen-agro.hr\/cms\/\"},{\"@type\":\"ListItem\",\"position\":3,\"name\":\"Vezivo za veza\u010dicu Pellenc Fixion 2-600 vezova\"}]}]}<\/script>\n<!-- \/ Yoast SEO plugin. -->","yoast_head_json":{"title":"Vezivo za veza\u010dicu Pellenc Fixion 2-600 vezova - Kocen Agro d.o.o.","robots":{"index":"index","follow":"follow","max-snippet":"max-snippet:-1","max-image-preview":"max-image-preview:large","max-video-preview":"max-video-preview:-1"},"canonical":"https:\/\/kocen-agro.hr\/cms\/trgovina\/vezivo-za-vezacicu-pellenc-fixion-2\/","og_locale":"hr_HR","og_type":"article","og_title":"Vezivo za veza\u010dicu Pellenc Fixion 2-600 vezova - Kocen Agro d.o.o.","og_description":"Plasti\u010dna pvc traka za veza\u010dicu Pellenc Fixion 2 60 m kolut \u2013 100% original Pellenc Razgra\u0111uje se nakon 10-12 mjeseci kori\u0161tenja ovisno o vremenskim uvjetima, optere\u0107enju PVC \u017dica od 0,44 mm Razgradnja: 10 mjeseci Broj vezova: 400-420 C\/A Pakiranje 1 kolut (60 m trake)","og_url":"https:\/\/kocen-agro.hr\/cms\/trgovina\/vezivo-za-vezacicu-pellenc-fixion-2\/","og_site_name":"Kocen Agro d.o.o.","article_modified_time":"2026-03-13T13:25:19+00:00","og_image":[{"width":562,"height":524,"url":"https:\/\/kocen-agro.hr\/cms\/wp-content\/uploads\/2025\/03\/Vezivo-Pellemc.png","type":"image\/png"}],"twitter_card":"summary_large_image","schema":{"@context":"https:\/\/schema.org","@graph":[{"@type":"Organization","@id":"https:\/\/kocen-agro.hr\/cms\/#organization","name":"Kocen Agro d.o.o.","url":"https:\/\/kocen-agro.hr\/cms\/","sameAs":[],"logo":{"@type":"ImageObject","inLanguage":"hr","@id":"https:\/\/kocen-agro.hr\/cms\/#\/schema\/logo\/image\/","url":"https:\/\/kocen-agro.hr\/cms\/wp-content\/uploads\/2019\/04\/logo_kocen_agro.png","contentUrl":"https:\/\/kocen-agro.hr\/cms\/wp-content\/uploads\/2019\/04\/logo_kocen_agro.png","width":242,"height":79,"caption":"Kocen Agro d.o.o."},"image":{"@id":"https:\/\/kocen-agro.hr\/cms\/#\/schema\/logo\/image\/"}},{"@type":"WebSite","@id":"https:\/\/kocen-agro.hr\/cms\/#website","url":"https:\/\/kocen-agro.hr\/cms\/","name":"Kocen Agro d.o.o.","description":"","publisher":{"@id":"https:\/\/kocen-agro.hr\/cms\/#organization"},"potentialAction":[{"@type":"SearchAction","target":{"@type":"EntryPoint","urlTemplate":"https:\/\/kocen-agro.hr\/cms\/?s={search_term_string}"},"query-input":"required name=search_term_string"}],"inLanguage":"hr"},{"@type":"WebPage","@id":"https:\/\/kocen-agro.hr\/cms\/trgovina\/vezivo-za-vezacicu-pellenc-fixion-2\/","url":"https:\/\/kocen-agro.hr\/cms\/trgovina\/vezivo-za-vezacicu-pellenc-fixion-2\/","name":"Vezivo za veza\u010dicu Pellenc Fixion 2-600 vezova - Kocen Agro d.o.o.","isPartOf":{"@id":"https:\/\/kocen-agro.hr\/cms\/#website"},"datePublished":"2025-03-06T20:43:23+00:00","dateModified":"2026-03-13T13:25:19+00:00","breadcrumb":{"@id":"https:\/\/kocen-agro.hr\/cms\/trgovina\/vezivo-za-vezacicu-pellenc-fixion-2\/#breadcrumb"},"inLanguage":"hr","potentialAction":[{"@type":"ReadAction","target":["https:\/\/kocen-agro.hr\/cms\/trgovina\/vezivo-za-vezacicu-pellenc-fixion-2\/"]}]},{"@type":"BreadcrumbList","@id":"https:\/\/kocen-agro.hr\/cms\/trgovina\/vezivo-za-vezacicu-pellenc-fixion-2\/#breadcrumb","itemListElement":[{"@type":"ListItem","position":1,"name":"Po\u010detna stranica","item":"https:\/\/kocen-agro.hr\/cms\/"},{"@type":"ListItem","position":2,"name":"Trgovina","item":"https:\/\/kocen-agro.hr\/cms\/"},{"@type":"ListItem","position":3,"name":"Vezivo za veza\u010dicu Pellenc Fixion 2-600 vezova"}]}]}},"_links":{"self":[{"href":"https:\/\/kocen-agro.hr\/cms\/wp-json\/wp\/v2\/product\/1566"}],"collection":[{"href":"https:\/\/kocen-agro.hr\/cms\/wp-json\/wp\/v2\/product"}],"about":[{"href":"https:\/\/kocen-agro.hr\/cms\/wp-json\/wp\/v2\/types\/product"}],"wp:featuredmedia":[{"embeddable":true,"href":"https:\/\/kocen-agro.hr\/cms\/wp-json\/wp\/v2\/media\/1567"}],"wp:attachment":[{"href":"https:\/\/kocen-agro.hr\/cms\/wp-json\/wp\/v2\/media?parent=1566"}],"curies":[{"name":"wp","href":"https:\/\/api.w.org\/{rel}","templated":true}]}}